se -m + 10 = -2*h. What are the prime factors of h?
3, 17
What are the prime factors of 63630/117 + 12/78?
2, 17
Let c be 2/3 - (-53)/(-3). Let x = -15 - c. What are the prime factors of x?
2
Let o = 323 - -458. What are the prime factors of o?
11, 71
Let i = 428 - 229. What are the prime factors of i?
199
Suppose 0*k = -3*k + 87. Let l = k - 20. Suppose 72 = 3*p - 3*g, 3*p + g + l - 97 = 0. What are the prime factors of p?
2, 7
Let a(f) = -4*f - 37. Let x be a(-10). Suppose v = 0, -3*q + x*v - v + 420 = 0. List the prime factors of q.
2, 5, 7
Let m be (3 + -2)*6/(-2) - -7. Let z = m + 50. List the prime factors of z.
2, 3
Suppose 0 = -z + 4*w + 584, 0 = -11*w + 13*w - 6. List the prime factors of z.
2, 149
Let r(p) = 2*p + 1. Let g be r(4). Let d = g + -6. Suppose -d*z + 245 = 2*z. List the prime factors of z.
7
List the prime factors of (1230/20)/(3/8).
2, 41
Let q(m) = 113*m**3 + m - 2. Let b(w) = 2*w - 1. Let p be b(1). List the prime factors of q(p).
2, 7
Let d(o) = o**3 + 2*o**2 + 2*o + 3. Let m be d(0). List the prime factors of (-5 - 0) + m + 335.
3, 37
Suppose 5 = -4*p - 11. Suppose -3 = -2*g - 7, 2012 = -4*v + 2*g. List the prime factors of v/(-32) + (-1)/p.
2
Suppose f - 15 = -5. Let k = -1 + f. Suppose -2*q = -5*q + k. List the prime factors of q.
3
Suppose -2 = -2*f + 12. Suppose -2*a + f*a = 90. List the prime factors of a.
2, 3
Suppose 4*v = -2*u + 2169 + 1237, 5*u = 4*v + 8529. What are the prime factors of u?
5, 11, 31
Let w = 371 + -186. Suppose -6*u - w = 481. Let b = u - -158. What are the prime factors of b?
47
Let y = 4 - 4. Let c be -9 + 96 + y/(-1). Suppose 3*j - c = -0*j. List the prime factors of j.
29
Let v(i) = 52*i - 47. Let m be v(10). Suppose 29 = -6*y + m. List the prime factors of y.
2, 37
Let j(z) = z**2 + z + 1. Suppose 0 = 3*v + 7 - 4. Let y(m) = 6*m**2 + 3. Let c(a) = v*y(a) + 5*j(a). List the prime factors of c(5).
2
Let s(q) = 0*q**2 + 2*q - 4*q - 4*q - 2 - 5*q**2 + q**3. Let r be s(6). List the prime factors of (r/(-4))/((-3)/(-138)).
23
Suppose -3*v + 11*z + 1962 = 6*z, 3*v - 3*z - 1962 = 0. List the prime factors of v.
2, 3, 109
Suppose -v - 607 = -3*v - h, 5*v = -3*h + 1515. Suppose -7*n + v = -n. What are the prime factors of n?
3, 17
Let h(s) = 6*s**2 - 10*s - 12. Let i be h(-8). Suppose -90*l = -94*l + i. List the prime factors of l.
113
Let v(u) = 10*u - 25. Suppose 34*h = 37*h - 24. Suppose 2*t = 3*t - h. List the prime factors of v(t).
5, 11
Suppose -22*v = -14*v - 16. Suppose 0 = -v*a + 6*a - 1240. What are the prime factors of a?
2, 5, 31
Let t = 785 - 259. Let a = -349 + t. List the prime factors of a.
3, 59
Let w(x) = -x**3 + 10*x**2 - 8*x + 20. Suppose 0 = 4*m - 2*j - 28, m + 2*m + 3*j = 39. List the prime factors of w(m).
29
Let u = -196 + 771. What are the prime factors of u?
5, 23
Suppose 3*b = -2*i + 67, 4*i = 3*b + 43 + 46. Suppose i = -3*m + 92. What are the prime factors of m?
2, 11
Suppose 4*f = -9 + 81. Let z(c) = c - 1. Let u be z(2). What are the prime factors of 1*(f + 1)*u?
19
List the prime factors of 20/35 - -11444*(-2)/(-28).
2, 409
Let w be (56/(-12))/(-7)*-27. Let r be (6/(-4))/(8/112). What are the prime factors of ((-6)/w)/((-1)/r)?
7
Let q = -975 + 2661. List the prime factors of q.
2, 3, 281
Let c(z) be the first derivative of -65*z**2/2 - 5*z + 3. List the prime factors of c(-4).
3, 5, 17
Suppose 2*h + 3*h - 35 = 0. List the prime factors of (1/(-2))/(h/(-28)).
2
Let j(v) = 253*v**2 + v - 3. Let f be j(1). Suppose -2*m + 2*l + 494 = -2*l, -4*l = -m + f. What are the prime factors of m?
3
Suppose 21*o = -12*o + 45276. What are the prime factors of o?
2, 7
Let f(i) = 3*i**2 + 11*i - 6. List the prime factors of f(7).
2, 109
Let t = -212 + 466. List the prime factors of t.
2, 127
Suppose 24*v = 34*v - 14680. List the prime factors of v.
2, 367
Let v(q) = 8*q**2 - 3*q - 4. Let a be v(-1). Suppose 70 = -a*p + 504. List the prime factors of p.
2, 31
Suppose -2*g - 33 = 27. What are the prime factors of ((-82)/(-3))/((-20)/g)?
41
Let p be 10/20*(1 + 0 - 5). List the prime factors of -1 - (-449)/4 - p/(-8).
3, 37
Let f(c) = -2*c + 4. Let l be f(4). Let k be (-84)/l*2/3. Suppose -k + 8 = -t. What are the prime factors of t?
2, 3
What are the prime factors of (16/(-24))/((-2)/171)?
3, 19
Suppose -3*u + 7044 = -z, 9392 = 4*u + 70*z - 65*z. What are the prime factors of u?
2, 587
Suppose -27*l + 55155 = 21594. List the prime factors of l.
11, 113
Suppose -4*c - 1 = -13. Suppose -4*r + 2*r - n = -24, -r = -4*n - 12. Suppose -4*u + 42 = -2*w, -u = -c*w + w - r. List the prime factors of u.
2, 5
List the prime factors of 4/3*(-5586)/(-7).
2, 7, 19
Let l(i) = -5*i - 121*i**2 + 47 + 2*i + 122*i**2 - 3. List the prime factors of l(-13).
2, 3, 7
What are the prime factors of 24250/35 + (-4)/(-28)?
3, 7, 11
Let k = 17 - 12. Let p be (1/2)/(k/50). What are the prime factors of (2 - p)/(3/(-10))?
2, 5
Let f(y) = -y**2 + 15*y + 7. Let w be f(8). Suppose -w = -r + 94. What are the prime factors of r?
157
Let s(f) = -309*f - 433. What are the prime factors of s(-15)?
2, 11, 191
Suppose -5*z + 4*p + 6204 = -z, -4*z - 2*p = -6174. What are the prime factors of z?
2, 773
Let r(q) = 9*q**2 + q - 9. Let j(y) = -y**2 - y + 1. Let n(h) = 4*j(h) + r(h). What are the prime factors of n(-2)?
3, 7
Let o = 15 + -7. What are the prime factors of 6*1 - (o - 5)?
3
Suppose -5*t - 2*m + 20 = -5, 0 = t - 2*m - 5. Suppose -11 - 3 = -x + 3*g, t*g = -2*x + 50. List the prime factors of x.
2, 5
List the prime factors of -10 + (12 - 5) - 502*-3.
3, 167
Suppose 3*h - 1584 = 4*u, 2*h + 3*u - 1033 = -2*u. List the prime factors of h.
2, 131
Let x be 18/12*(-20)/(-2). Let a be ((-6)/x)/((-3)/15). Suppose a*t - 7 = t. What are the prime factors of t?
7
Suppose 0 = 37*r - 44*r + 13188. List the prime factors of r.
2, 3, 157
Let t be 2/((8/15)/4). Let f(a) = -a**3 + 2*a**2 + 2*a + 5. Let p be f(3). Let w = p + t. What are the prime factors of w?
17
Suppose q - k = 43, -3*k - 11 = -q + 42. Let w = q - 12. Suppose 0*n - w = -2*n. List the prime factors of n.
13
Let r be 1*(-4)/(-12)*3. Suppose -2*h = -90 + 8. Suppose -4*a - 3*s + h = 0, 0 + r = -s. List the prime factors of a.
11
Suppose 22 = 6*o - 8. Suppose 0 = -3*y + o*q + 103, q + 3*q = 16. What are the prime factors of y?
41
Let m = 474 + -16. List the prime factors of m.
2, 229
Suppose 0 = 3*i - 3, 7*i + 1700 = o + 9*i. List the prime factors of o.
2, 3, 283
Let z = -75 - -79. Suppose -4*w + 406 = z*t - t, 4*w + 666 = 5*t. List the prime factors of t.
2, 67
Suppose -5*i = 2*p + 99, -5*i + 0*p - 93 = -p. Let w = i + -16. Let r = -16 - w. What are the prime factors of r?
19
Let l be 1*-10 + 0/4. Let g(s) = -s - 14. Let r be g(l). List the prime factors of (-687)/(-21) - r/14.
3, 11
Suppose 8*t + 440 = 10*t. List the prime factors of t.
2, 5, 11
Suppose 3*c = -14 + 38. Suppose c*y - 1008 = 2*y. List the prime factors of y.
2, 3, 7
Let h = 20 - 28. Let p be ((-36)/h)/(-9)*-454. Suppose 4*z + 87 = p. List the prime factors of z.
5, 7
Let t be (-2 - -1) + 25/1. Let l be (8/(-6))/(t/(-36)). Suppose w + 2*q = 47, 9*w + l*q = 4*w + 211. List the prime factors of w.
41
Suppose 3*o + r = 2604, o + 4*r = 1132 - 275. List the prime factors of o.
11, 79
Let n = -1889 - -3944. List the prime factors of n.
3, 5, 137
Let t = -130 - -130. Suppose -i + 39 = -4*g - g, t = -2*i - g + 100. List the prime factors of i.
7
Let n(h) = h**2 - 21*h + 40. Let p be n(17). Let r = -21 + 13. What are the prime factors of r/p - 236/(-7)?
2, 17
Suppose -5*i + 2*i = 9. Let o = i + 6. Suppose -2*y = o*c - 20, -4*c + 23 - 2 = -3*y. What are the prime factors of c?
2, 3
Suppose 0 = 3*n - 6, 0 = -y - 3*y - 5*n + 522. Let k be y/12 - 3/(-9). Suppose 8*x = k*x - 84. List the prime factors of x.
2, 7
Let i(n) = -2*n**2 - 3. Let s be i(0). List the prime factors of (1 + 1)*(-431 + 8)/s.
2, 3, 47
Let x(r) be the first derivative of 2*r**3/3 - 4*r**2 - 7*r - 578. Let n(m) = -m + 2. Let o be n(-4). What are the prime factors of x(o)?
17
Suppose 2*z + 3*z + 15 = 0. Let t(s) = -s**3 + 3*s**2 - 3*s - 3. What are the prime factors of t(z)?
2, 3, 5
Suppose j - d - 86 = 0, 4*j - 4*d = -j + 425. List the prime factors of j.
3
Let c(a) = 5*a**2 - 5. Suppose 6 = 3*v, 2*q = -q + v + 10. List the prime factors of c(q).